e -4*x + 2 + 10 = 0. Suppose 0 = -x*m - v*m + 3. What is the greatest common factor of m and 3?
1
Let h(l) = l**3 + 2*l**2 - 3*l - 1. Let i be h(-5). Let g = i + 115. What is the greatest common factor of 6 and g?
6
Let k(f) = f**2 + 8. Let a be k(4). Calculate the highest common divisor of 3 and a.
3
Let g = -155 - -208. Calculate the greatest common divisor of g and 212.
53
Suppose -4*i - 3*b + 5 = -4*b, -4*b - 4 = 0. Suppose 17 + i = 3*w. Calculate the highest common factor of w and 6.
6
Let h(b) = b**3 + 5*b**2 + 4*b + 3. Let o be h(-4). Suppose o*c = -c. Suppose c = 2*s + 2*s - 168. What is the greatest common divisor of 6 and s?
6
Let g = -69 + 87. What is the greatest common divisor of 45 and g?
9
Let r = 21 + -10. Let b be (132/10)/((-36)/(-120)). Calculate the highest common factor of r and b.
11
Let k be 50/(-4)*40/(-50). Calculate the greatest common factor of k and 4.
2
Let x(q) = 3*q**2 - q + 3. Suppose 0*g = 5*h - 2*g + 18, 4*h - 4*g + 12 = 0. Let f be x(h). What is the highest common factor of f and 22?
11
Suppose -r - 3*b = 188, 2*b = -5*r - 0*b - 992. Let l be (r/(6 + -2))/(-1). What is the greatest common divisor of 5 and l?
5
Suppose 3 + 17 = 4*g. Calculate the greatest common factor of 45 and g.
5
Let y be ((-4)/6)/(6/(-18)). Let r be (1 - 7) + (-4)/(-2). Let s be y/r*(-196 - -4). What is the greatest common divisor of s and 12?
12
Let a be ((-124)/(-2))/(1 - -1). Let k = a - 13. Let q be k/(-81) + (-58)/(-18). What is the greatest common factor of 15 and q?
3
Suppose -3*k = -30 - 60. Calculate the highest common divisor of k and 15.
15
Let r(b) = b**3 + 2*b - 2. Let j be r(2). What is the highest common divisor of j and 10?
10
Let z be (4 - -1)*32/10. Let h be z/(-4) + 1 - -8. Calculate the highest common divisor of h and 15.
5
Let k be (-2)/((-2)/4*1). Suppose 5*q - k = 6. Calculate the highest common divisor of q and 8.
2
Suppose 2 = 5*o - 23. Suppose -2*j = -o*j + 33. What is the highest common factor of j and 121?
11
Suppose 10 + 20 = -3*b. Let h(r) = -3*r - 25. Let w be h(b). What is the highest common factor of w and 20?
5
Suppose 0 = i + i + 3*b - 43, -4*b = 12. Suppose h - 130 = -0*h. Calculate the greatest common divisor of h and i.
26
Let y = -80 - -115. Let c = -17 + y. Calculate the greatest common divisor of c and 27.
9
Suppose -3*a = 2*a - 10. Let c be 81/a - 4/8. Suppose 3*z = 2*w - 29, 5*w + 2*z + z - 41 = 0. What is the highest common factor of w and c?
10
Suppose d + d + 48 = 0. Let s be (d/10)/(1/(-5)). What is the highest common factor of s and 96?
12
Let m = 24 + -23. Suppose 0 = -5*f + 3*p + 2 + 1, 4*f + 3 = -3*p. Suppose 3*b = l - 5, f + 5 = l + 5*b. Calculate the highest common divisor of l and m.
1
Let v(c) = -23*c**3 - 2*c - 1. Let z be v(-1). What is the highest common divisor of 264 and z?
24
Let u(t) = t**2 + 5*t - 2. Suppose -2*h = h + 21. Let a be u(h). Let o = -37 - -85. What is the greatest common divisor of o and a?
12
Let i(u) = -u**3 + 12*u**2 + 14*u. Let p be i(13). Suppose 0 = 5*h - 4*l - 156 - 19, -19 = -h + 4*l. What is the highest common divisor of h and p?
13
Let z be (((-25)/4)/(-5))/((-28)/(-336)). Suppose -3*i - 3 = 0, 0*j + 5*j = -2*i + 298. What is the greatest common divisor of j and z?
15
Let j = -90 - -147. Calculate the highest common divisor of 19 and j.
19
Suppose -39 = -3*j + n - 4, 0 = 3*j + 2*n - 20. What is the greatest common factor of 80 and j?
10
Suppose 5*u = -5*c + 25, -u + 6 = u - 2*c. Suppose f - 29 = -4*m + 4*f, u*f - 20 = 0. What is the greatest common factor of m and 1?
1
Let v = 45 - 27. What is the highest common divisor of v and 9?
9
Let l = -3 + 9. Let u = -71 - -161. Suppose 3*n = 5*y - u, -4*y + 111 - 36 = -3*n. Calculate the highest common factor of l and y.
3
Let r be (-3104)/(-104) - 6/(-39). Calculate the greatest common factor of r and 10.
10
Suppose -2*u + u = -5*h - 16, -4*u = -4*h. Let c = -11 - -8. Let b = c - u. Calculate the highest common factor of b and 1.
1
Suppose -3*d + d = -2. Suppose 3*k - 8 - d = 0. Suppose -2*a = -k*a + 8. What is the greatest common factor of 20 and a?
4
Let z(a) = a**3 - 7*a**2 - 1. Let d be z(7). Let q be (-3 - -6) + d - -75. Calculate the greatest common factor of q and 7.
7
Let q(k) = -2*k**2 + 3*k + 2. Suppose 0*o + 6 = 2*o. Let l be q(o). Let z = l - -11. Calculate the greatest common factor of 12 and z.
4
Suppose 3*m = -4*a + 884, -5*m + 1460 = 3*a + a. Calculate the greatest common divisor of m and 32.
32
Let z(r) = -5*r**3 - r**2 - 3*r - 2. Let h be z(-2). Suppose n - h = -n. What is the highest common divisor of n and 8?
4
Suppose 4*p + c + 7 + 10 = 0, 3*p + 16 = -4*c. Let i(b) = -2*b**3 - 6*b**2 - 7*b - 6. Let h be i(p). Calculate the highest common divisor of h and 18.
18
Let h be ((-18)/(-4))/((-175)/60 - -3). What is the greatest common factor of 486 and h?
54
Suppose 0*v = -4*v + 2*p + 64, -2*v - 4*p + 32 = 0. What is the highest common divisor of v and 48?
16
Let o be (-25)/(-3) - (-3)/(-9). Let l be (-4)/o*(-64)/2. Suppose 0 = -g + c + 3 + 1, c = 4*g - l. What is the highest common factor of 10 and g?
2
Let k be (60/(-36))/((-2)/24). What is the highest common divisor of k and 100?
20
Let i be (-3396)/(-42) - 1/(-7). What is the highest common factor of i and 9?
9
Let o(p) = -9*p + 4. Let w(d) = -10*d + 5. Let a = -18 - -13. Let y(v) = a*w(v) + 6*o(v). Let l be y(-2). What is the highest common divisor of 21 and l?
7
Let q(s) = -s - 1. Let i be q(-3). Let w be i/4 - (-405)/2. Calculate the highest common divisor of 29 and w.
29
Suppose 4*v - 31 = 9. Calculate the greatest common divisor of v and 110.
10
Let n be 3/(9/150) - 1. Suppose -4 = -g + 2*f, -4*f + n = 4*g - f. Let x be g*((-3)/(-3))/1. Calculate the greatest common divisor of x and 30.
10
Let b = 35 - 10. Suppose -b = -g + 1. What is the greatest common divisor of g and 65?
13
Suppose -a + 20 = 4*a, -2*u = -a. Let r = u + 10. What is the greatest common divisor of r and 36?
12
Let x(u) = 7*u - 3. Let b(k) = -k + 1. Let d(f) = -3*b(f) - x(f). Let g be d(-1). Suppose 51 + 13 = g*j. What is the highest common divisor of 40 and j?
8
Let c(b) = 2*b**2 - 1. Let t be c(-1). Suppose -5*x + 8 = -x. Suppose 7*w = x*w + 5. What is the highest common divisor of t and w?
1
Let h be (-2)/8 + 543/12. Suppose -6*r = -r - 55. Let y = -2 + r. What is the greatest common divisor of y and h?
9
Suppose 50 - 15 = 4*n + 5*t, -2*n + 4*t + 24 = 0. What is the greatest common divisor of n and 25?
5
Let m = -4 + 8. What is the greatest common divisor of 4 and m?
4
Suppose -4*y = -7*y - 3, z - 3 = -y. Suppose -5*x = -4*t + t + 32, z*x + 34 = 3*t. Calculate the greatest common factor of t and 84.
14
Let m be 10*1 - 9/((-54)/24). Calculate the greatest common factor of 112 and m.
14
Suppose 0 = -4*f + 36 - 4. Let q = f - 5. Let a(r) = -r + 8. Let t be a(5). Calculate the greatest common divisor of q and t.
3
Let u(m) = -m**3 + 6*m**2 - 4*m + 4. Let b be u(5). Suppose 2*h = n + 129, 2*h + 2*n = 3*h - 69. Calculate the highest common factor of h and b.
9
Let l(y) be the first derivative of 3*y**4/4 + y**3/3 + y**2 + 7. Let w be l(2). Let p be (-1 - -6) + 2/(-2). What is the highest common divisor of p and w?
4
Let y be 0 - 0 - (-2 + 3). Let v be 1 + 10/(y + 2). What is the highest common factor of 1 and v?
1
Let u(h) = 31*h**2. Let t be u(-1). Suppose -7 = -x + w - 0, 5*x - 3*w - t = 0. What is the highest common divisor of 55 and x?
5
Let z(v) = -v + 1. Let r(k) = -7*k + 8. Let g(u) = r(u) - 6*z(u). Let d be g(-2). Suppose -d*y + 26 = -6. What is the greatest common factor of y and 24?
8
Let g be (28/(-21))/(4/(-6)). Suppose -3*t = -r - 73 + 8, g*t - 42 = 2*r. Let y be 451/t + (-6)/(-4). Calculate the highest common factor of y and 33.
11
Suppose -d - 3 = -0. Let l be (-9)/d*16/3. Calculate the greatest common factor of l and 8.
8
Let f be (-90)/2*(3 - 4). Calculate the highest common factor of 18 and f.
9
Suppose 9 = -3*p - 24. Let y be 2 + (p + -2)*-1. Calculate the greatest common divisor of 6 and y.
3
Suppose 33 = -0*t + t. Let f(b) = 5*b - 14. Let i be f(10). Suppose -60 = -5*k - v, 4*k + i = 5*k + 5*v. What is the highest common factor of t and k?
11
Let i be (-18)/(3*(-3)/6). What is the greatest common divisor of 6 and i?
6
Let o be (15/(-6))/((-2)/4). Sup